 10?
7030514
15addd (base 15) to base 6
34254131
Convert -22310 (base 11) to base 10.
-32318
Convert -a6a36 (base 12) to base 8.
-654112
Convert 10202200201 (base 3) to base 11.
50775
11101010111110100001 (base 2) to base 11
5a8129
What is 130078 (base 9) in base 4?
103033103
What is -215111 (base 10) in base 6?
-4335515
-13c714 (base 14) to base 4
-2213310132
-102886 (base 11) to base 4
-220032213
Convert -1035037 (base 9) to base 11.
-349917
2020446 (base 10) to base 9
3718470
a38 (base 14) to base 7
5601
What is -324525143 (base 6) in base 10?
-5827959
1142855 (base 10) to base 11
71070a
Convert -a208a4 (base 11) to base 3.
-10002100212010
What is 55673 (base 10) in base 15?
11768
What is -13130012103 (base 4) in base 10?
-1950099
-2bc105 (base 16) to base 2
-1010111100000100000101
What is -3186781 (base 10) in base 5?
-1303434111
Convert -2b46065 (base 12) to base 10.
-8802509
Convert -66570 (base 13) to base 9.
-312383
Convert -10000000011010010100 (base 2) to base 12.
-214470
-306195 (base 10) to base 16
-4ac13
-777a25 (base 15) to base 16
-56e9a6
-12211010101212 (base 3) to base 11
-1822666
Convert 2c2b8 (base 14) to base 13.
3b299
-1033353303 (base 6) to base 11
-6293676
Convert c161 (base 14) to base 15.
9c8e
1a72a (base 14) to base 15
14de6
1326371 (base 8) to base 3
200220020100
-e375 (base 16) to base 5
-3330404
What is -24719b (base 15) in base 3?
-10021200000202
-2f1f7 (base 16) to base 11
-122019
2111102000110 (base 3) to base 9
2442013
What is 5574875 (base 10) in base 8?
25210333
Convert -321411 (base 10) to base 13.
-b33ac
-23652552 (base 7) to base 16
-204138
Convert 222224510 (base 6) to base 7.
46160652
What is -20111001 (base 4) in base 5?
-2042423
Convert 32332532 (base 6) to base 4.
3222213020
What is 2403048 (base 12) in base 4?
122212101320
What is -154641 (base 12) in base 10?
-360337
What is -172461 (base 8) in base 3?
-10012002210
What is 404145 (base 8) in base 5?
13230341
What is 38a41 (base 16) in base 6?
4550025
Convert 5d5a2 (base 14) to base 12.
b054a
-6376257 (base 8) to base 15
-239942
3314512 (base 9) to base 10
1781363
Convert -11a838 (base 11) to base 8.
-563073
-541420 (base 8) to base 7
-1352502
Convert -18106497 (base 10) to base 11.
-a247752
Convert 1532211 (base 8) to base 13.
125027
What is 2380508 (base 9) in base 11?
803441
What is -125032113 (base 6) in base 13?
-689679
What is -3540542 (base 7) in base 16?
-6d18d
-4cb39 (base 13) to base 9
-236440
Convert -10ad6 (base 14) to base 13.
-15604
What is -10210110121 (base 3) in base 14?
-1d318
What is -210121111221 (base 3) in base 9?
-717457
Convert -1023031330 (base 4) to base 14.
-803c8
-d3cd (base 15) to base 2
-1010111011000111
83740 (base 11) to base 13
436c7
What is 31b134 (base 13) in base 6?
41001535
What is 2204120 (base 6) in base 9?
176523
1346eb (base 16) to base 13
35304c
What is -26460007 (base 8) in base 16?
-5a6007
Convert 126583 (base 11) to base 8.
604547
Convert -10334044 (base 7) to base 11.
-5530a8
What is 452154540 (base 6) in base 10?
8226780
Convert -10121201101010 (base 3) to base 8.
-7254457
What is 135049 (base 14) in base 11?
416024
What is -145415012 (base 6) in base 10?
-3066128
Convert -10653160 (base 7) to base 6.
-32032154
11185582 (base 9) to base 2
10100101101101100110111
-1301634 (base 7) to base 15
-34edc
What is -1a18448 (base 11) in base 8?
-15000030
-87898b (base 12) to base 2
-1000001101001001111011
-1600045 (base 7) to base 8
-652634
Convert -224694 (base 10) to base 5.
-24142234
What is 222110102202 (base 3) in base 4?
1333021313
Convert 23221311 (base 4) to base 16.
ba75
What is -6107104 (base 9) in base 11?
-1921a37
10102000210 (base 3) to base 5
4121324
10202211100 (base 3) to base 5
4333412
Convert -1302213300 (base 4) to base 15.
-94193
Convert 1f501 (base 16) to base 11.
883a8
-45322 (base 12) to base 13
-32b82
What is 2c33e (base 15) in base 10?
142484
4123000140 (base 5) to base 6
500102011
Convert 2202110 (base 11) to base 12.
136652a
-53405115 (base 6) to base 16
-17fc27
100023210033 (base 4) to base 9
7874436
Convert 3644678 (base 10) to base 15.
4bed88
1101000101000010 (base 2) to base 10
53570
-120fd8 (base 16) to base 9
-2203656
What is 11011011101100110 (base 2) in base 7?
645643
267823 (base 11) to base 9
710433
-303022031 (base 4) to base 3
-101122110002
Convert 33abe (base 16) to base 7.
1541021
What is 525222 (base 14) in base 2?
1010100110101110111110
Convert -10b366b (base 12) to base 10.
-3220211
58466 (base 10) to base 3
2222012102
4359179 (base 10) to base 2
10000101000010000001011
What is 45351 (base 8) in base 6?
224441
What is 10011132223 (base 4) in base 3?
2000102011101
What is -632ba5 (base 14) in base 7?
-40321465
-203574 (base 11) to base 8
-1176175
What is -484c1 (base 13) in base 15?
-29488
-233276 (base 13) to base 14
-17a59d
-33631315 (base 7) to base 2
-1011001011110110011011
Convert -1025c3 (base 16) to base 3.
-1222202122012
286960 (base 11) to base 13
129111
2776765 (base 8) to base 7
6452165
-d370a9 (base 14) to base 7
-114400302
12210112321 (base 4) to base 3
10020110211211
What is -8822 (base 16) in base 8?
-104042
-5410243 (base 7) to base 4
-2200221103
What is -120200021121 (base 3) in base 9?
-520247
-331271 (base 10) to base 3
-121211102022
What is 3752363 (base 8) in base 10?
1037555
10224234 (base 5) to base 14
235aa
Convert -1122001023 (base 4) to base 15.
-743b0
What is 80cb67 (base 14) in base 8?
20430147
654392 (base 13) to base 9
4426638
What is -13047a (base 16) in base 15?
-19943a
What is -8973 (base 15) in base 11?
-1a985
82501 (base 11) to base 8
353114
What is -2792a (base 16) in base 5?
-20141330
Convert 10221100121102 (base 3) to base 5.
1013442102
What is -201431412 (base 6) in base 4?
-31020021200
Convert -122345 (base 9) to base 14.
-1cd17
What is -30a40 (base 12) in base 8?
-174320
Convert 860565 (base 10) to base 14.
18588d
What is -11102200211111 (base 3) in base 12?
-95751a
What is 10303302 (base 7) in base 15?
12447c
Convert 111100333223 (base 4) to base 14.
a51803
Convert 263b4b (base 15) to base 6.
103200055
What is -11100010011000001001 (base 2) in base 5?
-214132431
67638 (base 9) to base 7
245111
11118 (base 12) to base 5
1211003
What is 47041 (base 12) in base 5?
11020324
-1425878 (base 10) to base 13
-3ac01c
Convert 102056 (base 7) to base 4.
10101332
-3202355 (base 6) to base 8
-460677
What is 111111011220121 (base 3) in base 16?
6d60c0
What is -183656 (base 10) in base 2?
-101100110101101000
What is 9903 (base 16) in base 3?
1222201210
Convert -24403 (base 12) to base 8.
-137503
303301232 (base 4) to base 5
23241303
What is -30746b (base 14) in base 3?
-10001222211012
Convert 355523 (base 6) to base 4.
13211223
-231232333 (base 4) to base 10
-187327
Convert -37331 (base 10) to base 13.
-13cb8
-528266 (base 15) to base 8
-16763247
What is 744381 (base 9) in base 5?
103132234
9c5d63 (base 14) to base 11
3002350
What is -29a89a (base 14) in base 9?
-2650676
Convert 66341 (base 7) to base 4.
10010000
What is 201122300 (base 4) in base 9?
227678
3403561 (base 7) to base 13
119b06
Convert -1572465 (base 11) to base 7.
-31541521
Convert -2209645 (base 10) to base 16.
-21b76d
What is -10110101001101101110 (base 2) in base 15?
-e9dd9
What is 5170bd (base 14) in base 4?
22132220133
-23072601 (base 8) to base 10
-5010817
What is -137a41 (base 15) in base 11?
-590138
What is -202222012002 (base 3) in base 14?
-aa5c3
Convert 102403134 (base 5) to base 3.
211002102111
Convert -93b25 (base 12) to base 11.
-122358
2792c3 (base 15) to base 4
13100320011
What is 24000571 (base 8) in base 16?
500179
Convert -121121101 (base 3) to base 10.
-12106
Convert -b6082 (base 13) to base 16.
-4ff23
What is -3301201312 (base 4) in base 14?
-1ba766
What is 33132032001 (base 4) in base 7?
46321614
2102b5 (base 14) to base 13
300448
-185996 (base 10) to base 12
-8b778
What is -129817 (base 10) in base 14?
-35449
What is 4147bf (base 16) in base 14?
7d5183
What is 10023103320 (base 4) in base 16?
10b4f8
Convert -3e3c43 (base 15) to base 16.
-2dc5d3
What is 1355221 (base 7) in base 12?
89327
What is -17780546 (base 9) in base 11?
-5076880
-559a4a (base 12) to base 10
-1364890
Convert 101310112323 (base 4) to base 3.
22210022021120
What is -10111001001100110 (